 the units digit of z(25)?
4
Suppose 9*s - 13*s - 5*p + 66582 = 0, -2*p = s - 16647. Suppose s - 3311 = 11*f. What is the tens digit of f?
1
Let j = 28138 - 19280. What is the units digit of (-10)/(-100) - j/(-20)?
3
What is the thousands digit of 408/(-170)*(2606/(-4) - -4)?
1
Suppose 0 = 5*q + 4*s - 13135, 3*q + 17*s - 7881 = 21*s. What is the hundreds digit of q?
6
Let k(u) = 15799*u**3 - 11*u**2 + 16*u - 8. What is the tens digit of k(1)?
9
Suppose -356086 + 93934 = -125*s + 1773848. What is the ten thousands digit of s?
1
Let u = 135 + -141. What is the hundreds digit of -3 - u - -263 - 3/(-1)?
2
Let s = 3 + -3. Suppose 6*n - 2441 - 7 = s. What is the tens digit of n?
0
Let z(v) = 17*v + 372. Let h be z(-23). Let k(i) = -i**3 - 16*i**2 + 3*i - 26. What is the tens digit of k(h)?
0
Let f(l) = 75 + 68 - l**2 + 0*l**2. Suppose 5*h - h = h. What is the units digit of f(h)?
3
Let t(o) = -3 + 1 + 3 - o**2 + 0 - 6*o. Let z be t(-5). What is the tens digit of 10*z + (2 - 1)?
6
Suppose -378 = -3*o - 69. Suppose 4*f + 3 - o = 0. Let i = 6 + f. What is the units digit of i?
1
Let t(q) = 2587*q + 70. Let i be t(5). Suppose -i + 2475 = -18*l. What is the units digit of l?
5
Let u(g) = -2*g - 19. Let z be u(-12). Let w be 0*(z/2)/(-5). Suppose -3*n + 45 = -w*n. What is the units digit of n?
5
Let f(h) = -101*h**2 - 2*h + 19. Let u(v) = 33*v**2 + v - 7. Let k(a) = 2*f(a) + 7*u(a). What is the thousands digit of k(6)?
1
Let x(y) = 68*y - 1. Let h = -104 - -108. What is the tens digit of x(h)?
7
Suppose 0 = 5*z - 219 - 811. Suppose u - 4*p - 696 = -z, u = -3*p + 511. What is the tens digit of u?
0
Suppose -3*a - 4151 = -2*y, -5*y + 10405 = -45*a + 43*a. What is the tens digit of y?
8
Suppose 2*f + 14*x = 15*x + 25600, x = 4*f - 51196. What is the tens digit of f?
9
Let h(f) be the first derivative of -59*f**2 + 13*f + 7. Let r be h(-5). Let d = r - 405. What is the hundreds digit of d?
1
Let t(k) = -19*k**3 - 3*k**2 - 7*k - 5. Let f be t(-2). Suppose 2*u = -3*q + 616 + f, 1125 = 3*u - 3*q. What is the units digit of u?
8
Let d(r) = r**3 + 4*r**2 - 6*r - 3. Suppose -2*n + 3*j - 25 = 0, n = -n - 2*j. Let m be d(n). Suppose 0 = -m*k + 8*k - 336. What is the tens digit of k?
5
Let y(l) = 58*l - 1. Let w be y(2). Let q be (14 - (-3 - 1))*-3. Let s = q + w. What is the units digit of s?
1
Let d(z) = 19*z**3 - z**2 + 5*z - 1. Let s be d(2). Let t = s + 227. What is the hundreds digit of t?
3
Let g(l) = 19*l**2 + 6*l + 258. What is the hundreds digit of g(19)?
2
Suppose -5*p - 414 = 3*x + 481, -2*x - 582 = -4*p. Let h = 471 + x. What is the tens digit of h?
7
Let w = 2 - -6. Let j(u) = 50*u - 31. Let b(p) = -62*p + 29. Let h(g) = -5*b(g) - 6*j(g). What is the units digit of h(w)?
1
Let v(r) = -1210*r + 1935. What is the tens digit of v(-28)?
1
Let x(w) = 521*w + 7. Let y be x(1). Let b = 829 - y. What is the units digit of b?
1
Let i = 137 - 93. Let w = -41 + i. Suppose -3*q + 105 = w*z, z = -q - 3*q + 26. What is the tens digit of z?
3
Let i(a) = 11*a**2 - 24*a - 74. Let s be i(-7). Let j = -216 + s. What is the units digit of j?
7
Let h = -1544 + 1038. Let s = -748 - h. Let j = s + 408. What is the units digit of j?
6
Suppose 8*l + 248 = 920. What is the tens digit of 3 + 3/(-2)*(-18200)/l?
2
Let z be (-258)/(-90) - 6/(-45). Let n(i) = -i + 7. Let v be n(z). Suppose v = -2*o, 0 = -2*u + 4*u + o - 290. What is the units digit of u?
6
Let o(w) = w**2 - 6*w - 24. Let t be o(-18). Let u = 733 - t. What is the hundreds digit of u?
3
Let b(m) be the third derivative of m**5/30 + 3*m**4/8 - 19*m**3/6 - 24*m**2. What is the units digit of b(5)?
6
What is the hundreds digit of ((-4545540)/144)/(-3*(-15)/(-36))?
2
What is the tens digit of (-2)/(86352/43183 - 2)?
6
What is the thousands digit of (48/(-72))/(-2*1/5949)?
1
Suppose 2*o + o - q = -1, -4*o = -2*q - 2. Let d(v) = 66*v**2 + 2*v + 2. What is the units digit of d(o)?
2
Let n = 718 - -4414. Suppose -6324 = -4*z + 4*r, 5*z - 2757 = r + n. What is the hundreds digit of z?
5
Suppose 0 = 3*t - 9, 2*z - 106*t = -107*t + 88643. What is the hundreds digit of z?
3
Suppose -q + 23 = 2*z - 5*z, -77 = -5*q - 4*z. Let u = 36 + -33. What is the tens digit of (0 - -2)*(u + q)?
4
Suppose g - 3 - 4 = 0. Let z be 2/g + (-5022)/(-14). Suppose -3*j + z = 2*w - 2*j, -2*w + 356 = -2*j. What is the tens digit of w?
7
Let l(t) = -21*t**3 + 2*t**2 - 2*t + 4*t**3 - 4*t**2. What is the tens digit of l(-3)?
4
Suppose -25 = 29*o - 6170 - 10936. What is the tens digit of o?
8
Suppose -n + 42495 = 5*l + 9590, n = 4*l - 26315. What is the tens digit of l?
8
What is the units digit of (-4)/4*4/(28/(-50239))?
7
Let i(x) = 3*x - 25. Let s be i(10). Suppose -s*y + 7*c + 80 = 2*c, 2*y = -2*c + 20. Suppose -y = 4*u - 161. What is the units digit of u?
7
Let v = 8511 + 4402. What is the thousands digit of v?
2
Let b = 859 - 857. Suppose b*y + 3*o - 138 - 212 = 0, 4*y = -o + 690. What is the tens digit of y?
7
Let g = 14607 - 5201. What is the tens digit of g?
0
Suppose -50*z + 114 = 81*z + 1031. Let n(f) = 8*f + 1 - 22*f + 9. What is the hundreds digit of n(z)?
1
Let s(b) = 190*b + 131 + 601*b - 141. What is the units digit of s(1)?
1
Let v be (-1)/(205/575 - 4/10). Let i = v - 9. Suppose 0 = 3*h - i*h + 506. What is the units digit of h?
6
Let w(a) = -a**2 + 4*a + 10. Let b = 69 + -64. Let r be w(b). What is the tens digit of 78/2 - (-1 + r)?
3
Let u = 300 + -300. Suppose u*f = -7*f + 896. What is the tens digit of f?
2
Let p be -4 + -69*6/(-9). Let t = -40 + p. What is the units digit of (-974)/(-14) - t - 3/(-7)?
8
Let h be 7/(-4) - (4 + 30/(-8)). Let m be 4*h/(-56) + 2354/(-14). Let a = -113 - m. What is the tens digit of a?
5
Let s(h) = -h**3 + 15*h**2 + 3*h - 15. Let y be s(15). Suppose 0 = -10*x + 5*x + y. Suppose 0*b - 1614 = -x*b. What is the units digit of b?
9
Let h be 0 + ((-9)/5)/((-3)/15). Suppose -11*j = -h*j - 120. Suppose 0 = 7*v - 6*v - j. What is the units digit of v?
0
Suppose -2*l - 8 = 0, -66*l = 4*z - 61*l - 157620. What is the hundreds digit of z?
4
Suppose -4*v + 20 = 0, -3*g = -4*v + 3 + 5. Let d be 4 + (g - 13 - -3). What is the tens digit of (-18)/d - (-9)/3?
1
Suppose -6*u = 68 - 98. What is the units digit of (u - 0) + (-23862)/(-41)?
7
Let s(c) = c**3 + 11*c**2 - 13*c - 8. Let d(j) = j**2 - 9*j - 12. Let t be d(9). Let g be s(t). Suppose -g*f + 24 = 8*f. What is the units digit of f?
2
Let x(q) = -2*q**3 + 2*q**2 + 15*q + 42288. What is the thousands digit of x(0)?
2
What is the units digit of (-12370)/(-5)*(-5)/(-2)?
5
Let t = 40 - 35. Suppose 0 = 4*i - 6*o + o + 21, 2*o = -t*i + 15. What is the tens digit of (120 + 10/2)*i?
2
Suppose -4*w = -36 - 96. Suppose 24*k = 23*k + w. Suppose -3*z + 4*p = -71, 3*p - k = -z + 2*p. What is the tens digit of z?
2
Let y(h) = h**3 - 89*h**2 + 944*h + 12. What is the units digit of y(11)?
8
Let o(p) = -p**3 + 17*p**2 + 27*p. Let g(s) = s**2 + 3*s - 26. Let k be g(5). What is the units digit of o(k)?
6
Suppose -11 = -17*v + 57. Suppose 4*o + k = 6*k + 4410, -k = v*o - 4398. What is the hundreds digit of o?
1
Let z(q) = -576*q**3 - 22*q**2 - 87*q - 400. What is the ten thousands digit of z(-5)?
7
Let l be 16/(-20)*(-154565)/19. Suppose -13*i = 554 - l. What is the units digit of i?
8
Let q(n) = 1097*n + 103. What is the tens digit of q(4)?
9
Suppose -30325 = -t - h, -3*h = 5*t - 183262 + 31641. What is the thousands digit of t?
0
What is the ten thousands digit of ((-5025)/100)/(-67) + (-82449)/(-4)?
2
Let s = -17117 + 65880. What is the tens digit of s?
6
Suppose 4*y - 95431 = n, -3*n + 108738 = 4*y + 13319. What is the thousands digit of y?
3
Let b = 47589 - 25996. What is the hundreds digit of b?
5
Suppose 0 = -5*i - 20, -5*p = -10*i + 13*i - 425748. What is the tens digit of p?
5
Let v(g) = -87*g - 77. Let y(n) = 43*n + 38. Let q(c) = 4*v(c) + 9*y(c). Let i be q(-7). Let b = 348 + i. What is the units digit of b?
9
Let c be (-3)/((-2)/(-10) - 15/(-50)). Let q(y) = 11*y**2 - 2*y - 48. What is the tens digit of q(c)?
6
Let d(f) = 908*f**2 + 4*f - 7. Let s(h) = -h**2 + h - 2. Let r(w) = d(w) - 3*s(w). What is the hundreds digit of r(1)?
9
Let p be -62 - 19 - (-7 + 2). What is the units digit of p/(-10) - (-6)/15?
8
Let x be (-4 - 87/6) + (-3)/2. Let c = 100 + x. Suppose -2*w = f +